ve of -g**3/3 - g**2/2 + 84*g. Determine n(y).
-3
Let l(q) = -2*q + 111553 - 223115 + 111534. Calculate l(-17).
6
Suppose 4*t - 9 = 11. Let h(y) = -9 + 2 + t - 3*y + 6. Give h(6).
-14
Let g(k) = 5*k**2 - k - 1. Let h(i) = -3*i**3 - 41*i**2 + 13*i - 5. Let f be h(-14). Suppose -f*z + 11*z - 3*w + 14 = 0, w = -3*z + 1. What is g(z)?
5
Let v be (18 + 246)*8/6. Let p be (-31)/(-9) - 3 - v/(-99). Let n(q) = 3*q**2 + 7. Let h(g) = -g**2 + g - 1. Let w(u) = 4*h(u) + n(u). Determine w(p).
3
Let c(t) be the second derivative of t**4/12 - 23*t**3/6 + 33*t**2 - t + 302. Determine c(21).
24
Let h = -136 - -92. Let w = 52 + h. Suppose w*i + 0*i - 8 = 0. Let k(v) = 3*v - 1. Give k(i).
2
Let q(f) be the first derivative of 2*f**2 - 1/3*f**3 + 172 + 10*f. Suppose -2*m + 0 = -w + 3, -2*w - 4*m = -22. Determine q(w).
-11
Let d(n) = -21*n + 872. Let p be d(41). Let b(t) = -t**3 + 11*t**2 - 5*t + 8. What is b(p)?
-47
Suppose 371*b - 81 = 368*b. Let m(j) = 10*j**3 - 11*j**3 - b + 6*j**2 + 35. Calculate m(6).
8
Let r(q) be the second derivative of -q**5/20 + 29*q**4/12 + 31*q**3/6 - 27*q**2/2 - q - 115. Determine r(30).
3
Let m(p) = -32 + 16459*p**2 - 9*p + 3*p - 16460*p**2. Give m(0).
-32
Let f = 248 + -517. Let k = 262 + f. Let x(s) = -s**2 - 6*s - 4. What is x(k)?
-11
Let d(o) = o**3 - 17*o**2 + 5*o + 39. Let n(x) = x**3 - 18*x**2 - 3*x + 41. Let j(i) = 2*d(i) - 3*n(i). Calculate j(21).
-87
Let a(j) = 4*j - 109. Let y be 544/(-80) - -7 - 268/(-10). Determine a(y).
-1
Let w(t) be the third derivative of -t**5/60 - t**4/8 - 1029*t**2 - 2. Determine w(6).
-54
Suppose -4*s = -o - 40, 5*s - 2*o - 50 = -3. Let v(u) = -2*u**2 + 3*u**2 - 9 + s - 6. Let k be (2/1)/4*0. Give v(k).
-4
Let c(j) be the first derivative of -5*j**2/2 - 121*j + 426. Calculate c(-25).
4
Let n(f) be the first derivative of f**3/3 - 5*f**2 - 19*f - 911. Determine n(14).
37
Let j be 513/57 - 6/1. Let h(n) = -n + 10. What is h(j)?
7
Suppose 12 = -3*y, -10*y + 5*y = 5*f - 210. Let v(o) = -2*o**3 + 93*o**2 - 46*o. Determine v(f).
0
Let h(f) = -f**2 - 2*f - 1. Suppose 21*v - 1798 + 854 = -860. What is h(v)?
-25
Let o(c) = -3 - 1 + 2*c + 8. Let k = 189 + -172. Suppose -k = 20*i + 43. Determine o(i).
-2
Let n(f) = -2197*f + 733*f - f**2 + 18 + 721*f + 724*f. Give n(-15).
78
Let j(o) be the first derivative of 3*o**2/2 - 46*o + 815. What is j(10)?
-16
Suppose -5*r + 0*x = -4*x - 10, 3*r + 2*x = 6. Let w(s) = s - s**r + 2 - 3*s**2 + s**2 + s. What is w(2)?
-6
Let k(z) = 12*z + 45. Suppose 14*s + 64*s - 9 + 321 = 0. What is k(s)?
-3
Let x = -7 - 5. Let u be (-540)/80 - (1 + 21/x). Let b(q) = -2*q**2 - 8*q - 8. Calculate b(u).
-32
Let b(q) be the first derivative of q**5/60 + 5*q**4/24 + 7*q**3/6 + 51*q**2/2 - 86. Let i(d) be the second derivative of b(d). What is i(-6)?
13
Let h(z) be the first derivative of -1/6*z**4 - 4*z - 18 + 0*z**2 - 1/10*z**5 + 0*z**3. Let q(o) be the first derivative of h(o). Give q(-2).
8
Let j(u) = u + 1. Let b be j(6). Let h(n) = 5*n + 33. Let s(f) = -2*f - 4. Let i(m) = h(m) + 4*s(m). What is i(b)?
-4
Let m(q) = -22 - 4*q + 31 - 14 + 3*q. Let g = 98 - 98. Calculate m(g).
-5
Let p = -170 - -184. Suppose p*b = 38*b + 192. Let t(k) = k**2 + 7*k - 2. Determine t(b).
6
Let h(w) = -w + 16. Let c(y) = -104*y - 954. Let g be c(-9). Calculate h(g).
34
Let r be 3/1 + 2/(-2). Suppose 30 = 31*m + 185. Let k(u) = 7*u**2 + 5*u + 3. Let l(x) = x**2 + x + 1. Let a(i) = m*l(i) + k(i). What is a(r)?
6
Let t = -1978 + 1979. Let s(m) = -12*m - 1. Let h(l) = 27*l + 2. Let y(b) = 2*h(b) + 5*s(b). Calculate y(t).
-7
Let o(m) be the second derivative of m**4/6 - 2*m**3/3 - 7*m**2/2 + 141*m - 8. Give o(3).
-1
Let v(b) = -558*b**2 + 57*b + 14 + 3 + 567*b**2. Calculate v(-6).
-1
Let v be (2 + (-2 - 3))*(-184)/24. Suppose v + 67 = 15*i. Let u(o) = -o**2 + 8*o + 2. What is u(i)?
14
Let m = 10 + -6. Let x = 16 + 212. Let s(v) = -v + 461*v**2 - 228*v**2 - v**3 - x*v**2. Give s(m).
12
Let m(l) be the first derivative of l**5/40 - 19*l**4/24 - 34*l**3/3 - 18. Let q(x) be the third derivative of m(x). Let u be q(9). Let i(n) = n + 8. Give i(u).
16
Suppose 0 = -25*x + 15 + 60. Let k(b) = -22*b**x + 2*b - 85 + 42 + 42. Give k(1).
-21
Let c be (-23)/(-7) - (-2)/(-7). Let j(b) = b**3 + 0*b - c*b**2 - 2*b + 2 + 4*b - 3*b. Let p be -7*(-9)/105 + (-12)/(-5). Determine j(p).
-1
Let q(n) = 6*n + 32. Let b be -9 + 14 + 2 - 18. Give q(b).
-34
Let y(k) = -33*k**2 - 21*k - 1. Let a(o) = 49*o**2 + 30*o + 1. Let c(n) = 5*a(n) + 7*y(n). What is c(1)?
15
Let n(t) = t**2 + 15*t + 31. Suppose -4*b - 46 = -2*z, -b - 10 = -3*z - 6. Let g be n(b). Let m(x) = 3*x - 7. What is m(g)?
8
Let x(w) = 3*w + 1. Let a(j) = 9*j - 10. Let u(m) = -10*m + 13. Let p(y) = -5*a(y) - 4*u(y). Let l(q) = p(q) + 3*x(q). Give l(1).
5
Let q(p) = -p**2 + 2*p. Let x(k) = -k**2 + 19*k - 2. Let s(j) = j**2 + 3*j. Let o(f) = -4*s(f) + x(f). Let d(n) = o(n) - 6*q(n). Calculate d(-3).
22
Let p(g) = 216*g + 133. Let y(d) = -124*d - 66. Let b(s) = -4*p(s) - 7*y(s). Determine b(16).
-6
Let s(g) = g**2 + 8*g - 14. Let p be 196/(-98) + -4 + (-6)/3. What is s(p)?
-14
Suppose -512*u = 16*u - 1056. Let j(v) be the first derivative of -v**4/12 - v**3/6 + v**2 + v + 1. Let o(c) be the first derivative of j(c). Calculate o(u).
-4
Suppose -7*f - 316 = -10*f + 4*m, 0 = -3*m - 3. Let y(k) = f*k**2 - 208*k**2 + 102*k**2. What is y(-1)?
-2
Let n(m) be the third derivative of -m**6/720 - 7*m**5/120 - 119*m**4/24 - 101*m**2. Let k(v) be the second derivative of n(v). Give k(-11).
4
Let i(r) = -2*r**2 + 15*r + 9. Let u(q) = -q**2 + 14*q + 10. Let m(p) = 2*i(p) - 3*u(p). Suppose 70*v - 2835 = 197*v - 1311. Determine m(v).
-12
Suppose 0 = 7*m + m - 2*m. Let h(z) be the second derivative of 1/2*z**2 + 10*z + 5/6*z**3 + m. Calculate h(1).
6
Let i be 344/(-40) + (-2)/5. Let c = 6 + i. Let n(f) = -f - 7. Let h(w) = 3*w + 29. Let x(r) = h(r) + 4*n(r). Give x(c).
4
Let d(j) = 3*j - 19. Let v(n) = -n + 9. Let m be 2/11 - 230/55. Let p(g) = m*d(g) - 9*v(g). Suppose 39 = 49*l + 235. Give p(l).
7
Let i(s) = s**2 + 68*s + 1. Let a(o) = -o**2 - 100*o + 1. Let m(h) = -2*a(h) - 3*i(h). Calculate m(0).
-5
Suppose -4*q - i + 2 = 0, -335*q + 4*i - 8 = -336*q. Suppose 0 = n - 4*n + 60. Let r(z) = -n - 2*z + z + 0*z. Give r(q).
-20
Let p(f) = -6*f + 455. Let g be p(72). Let o(x) be the third derivative of 2*x**3 + 0*x + 1/120*x**6 + g*x**2 + 0 - 5/12*x**4 - 2/15*x**5. Give o(9).
3
Let d(b) = -2*b**2 + 4*b - 4. Let n = 29 - -16. Let k be (3/9)/(5/n). What is d(k)?
-10
Let q(i) = 5*i + 221. Let z(g) = -6*g - 311. Let v(y) = 3*q(y) + 2*z(y). Give v(-16).
-7
Suppose -2*k + 14 = 2*t, -21 = 17*k - 20*k - t. Let z(x) = 6*x - 41. Calculate z(k).
1
Let t be 8/(-10) - 21/(-15)*7. Let c(a) = -5*a**3 - 7*a**2 + 5*a - 2. Let u(n) = -22*n**3 - 28*n**2 + 20*n - 10. Let w(y) = t*c(y) - 2*u(y). Give w(-8).
26
Suppose 5 = -14*k + 75. Let z(s) = -s**2 + 5*s - 5. Calculate z(k).
-5
Let b(q) = q**3 + 6*q**2 + 6*q - 3. Let r(x) = 4*x**3 - 2*x**2 - 8*x - 2. Let w be r(-2). Let g = w + 44. Suppose -g*o = -20*o - 10. Give b(o).
-8
Let l(x) = x - 6. Let j(r) = -r**2 - 3*r + 9. Let n be j(-4). Let w(k) = -k + 4. Suppose 13*c = 19*c - 48. Let v(z) = c*w(z) + n*l(z). Determine v(2).
-4
Suppose 0 = -11*m - 22. Let d(k) = -25*k**3 - 19*k**2 - 17*k + 54. Let n(c) = -7*c**3 - 6*c**2 - 6*c + 18. Let q(h) = m*d(h) + 7*n(h). Give q(5).
3
Let i(c) = 27*c + 2. Let a be ((-85)/119)/((-10)/70). Determine i(a).
137
Let i(z) = -2*z**2 - 9977 + 4982 - z + 4988. Calculate i(-4).
-35
Let n(j) = -13*j - 12. Suppose -5*a = -4*s - 42, -5*a = -64*s + 68*s - 18. Calculate n(s).
27
Let j be (-42)/(-8) - 6/24. Let y(v) = -j - 2 + 5*v + 2 - 3. Let z be y(3). Let b(u) = -u**3 + 6*u**2 + 6*u + 8. Calculate b(z).
1
Let p(g) = 3*g**3 - 21 + 0*g**3 - 5*g + 21*g + 22*g**2 - 2*g**3 + 6*g. Calculate p(-21).
-42
Let n(h) = -3*h**3 + 3*h**2 - 3*h + 1. Let r(g) = g**3 + 10*g**2 + 0*g**3 + 18*g - 28*g + 9*g - 8. Let d be r(-10). Give n(d).
-17
Let k(j) be the second derivative of -j**3/6 + 25*j**2/2 - 365*j + 2. Give k(7).
18
Let p(u) = 13 + 180*u + 162*u + 177*u - 694*u + 178*u. Determine p(-10).
-17
Let m(i) be the third derivative of -i**4/6 - 9*i**2 - i. Let p be (-3)/((-1)/(-2) - 1). Give m(p).
-24
Let b(m) be the second derivative of -1/20*m**5 + 0 + 11/1